ed by 4.
1
What is the remainder when 2560 is divided by 122?
120
Calculate the remainder when 252 is divided by 135.
117
What is the remainder when 4626 is divided by 4619?
7
What is the remainder when 525 is divided by 24?
21
Calculate the remainder when 377 is divided by 39.
26
What is the remainder when 508 is divided by 15?
13
What is the remainder when 826 is divided by 10?
6
Calculate the remainder when 182 is divided by 24.
14
Calculate the remainder when 1769 is divided by 15.
14
Calculate the remainder when 770 is divided by 18.
14
What is the remainder when 58 is divided by 23?
12
What is the remainder when 299 is divided by 25?
24
What is the remainder when 4292 is divided by 73?
58
Calculate the remainder when 922 is divided by 347.
228
What is the remainder when 284 is divided by 19?
18
Calculate the remainder when 769 is divided by 76.
9
Calculate the remainder when 145 is divided by 14.
5
Calculate the remainder when 60 is divided by 9.
6
Calculate the remainder when 315 is divided by 78.
3
What is the remainder when 124 is divided by 71?
53
Calculate the remainder when 895 is divided by 8.
7
Calculate the remainder when 456 is divided by 46.
42
What is the remainder when 427 is divided by 38?
9
Calculate the remainder when 2446 is divided by 11.
4
What is the remainder when 748 is divided by 726?
22
What is the remainder when 2071 is divided by 14?
13
What is the remainder when 584 is divided by 566?
18
Calculate the remainder when 1195 is divided by 380.
55
What is the remainder when 326 is divided by 82?
80
Calculate the remainder when 805 is divided by 251.
52
Calculate the remainder when 462 is divided by 127.
81
What is the remainder when 288 is divided by 33?
24
What is the remainder when 15266 is divided by 21?
20
Calculate the remainder when 37 is divided by 7.
2
Calculate the remainder when 80 is divided by 22.
14
Calculate the remainder when 13475 is divided by 46.
43
What is the remainder when 420 is divided by 29?
14
Calculate the remainder when 313 is divided by 20.
13
Calculate the remainder when 554 is divided by 20.
14
Calculate the remainder when 532 is divided by 176.
4
What is the remainder when 104 is divided by 36?
32
What is the remainder when 178 is divided by 87?
4
What is the remainder when 349 is divided by 70?
69
What is the remainder when 1209 is divided by 92?
13
Calculate the remainder when 16199 is divided by 37.
30
What is the remainder when 128 is divided by 10?
8
What is the remainder when 6624 is divided by 47?
44
Calculate the remainder when 454 is divided by 74.
10
Calculate the remainder when 9 is divided by 5.
4
Calculate the remainder when 1139 is divided by 19.
18
What is the remainder when 49 is divided by 17?
15
Calculate the remainder when 524 is divided by 72.
20
What is the remainder when 378 is divided by 90?
18
What is the remainder when 4709 is divided by 2349?
11
What is the remainder when 115 is divided by 7?
3
Calculate the remainder when 154 is divided by 109.
45
Calculate the remainder when 378 is divided by 39.
27
What is the remainder when 165 is divided by 165?
0
What is the remainder when 694 is divided by 227?
13
Calculate the remainder when 77 is divided by 9.
5
What is the remainder when 148 is divided by 77?
71
Calculate the remainder when 1064 is divided by 177.
2
Calculate the remainder when 154 is divided by 39.
37
Calculate the remainder when 1870 is divided by 18.
16
What is the remainder when 1016 is divided by 3?
2
What is the remainder when 152 is divided by 5?
2
What is the remainder when 726 is divided by 9?
6
Calculate the remainder when 542 is divided by 68.
66
Calculate the remainder when 254 is divided by 60.
14
What is the remainder when 309 is divided by 147?
15
What is the remainder when 143 is divided by 129?
14
What is the remainder when 1842 is divided by 107?
23
Calculate the remainder when 412 is divided by 9.
7
Calculate the remainder when 623 is divided by 104.
103
What is the remainder when 1243 is divided by 66?
55
Calculate the remainder when 1112 is divided by 59.
50
Calculate the remainder when 1129 is divided by 11.
7
What is the remainder when 254 is divided by 30?
14
Calculate the remainder when 17849 is divided by 255.
254
Calculate the remainder when 527 is divided by 108.
95
Calculate the remainder when 84 is divided by 30.
24
What is the remainder when 3292 is divided by 89?
88
What is the remainder when 270 is divided by 63?
18
What is the remainder when 5794 is divided by 223?
219
Calculate the remainder when 2836 is divided by 355.
351
What is the remainder when 459 is divided by 67?
57
Calculate the remainder when 39 is divided by 3.
0
What is the remainder when 510 is divided by 23?
4
Calculate the remainder when 31 is divided by 8.
7
Calculate the remainder when 3341 is divided by 50.
41
What is the remainder when 2191 is divided by 129?
127
What is the remainder when 1226 is divided by 407?
5
Calculate the remainder when 36773 is divided by 18.
17
Calculate the remainder when 60 is divided by 31.
29
Calculate the remainder when 678 is divided by 68.
66
What is the remainder when 43 is divided by 27?
16
Calculate the remainder when 6135 is divided by 33.
30
Calculate the remainder when 93 is divided by 40.
13
What is the remainder when 841 is divided by 37?
27
What is the remainder when 112 is divided by 55?
2
What is the remainder when 116 is divided by 21?
11
Calculate the remainder when 9009 is divided by 53.
52
Calculate the remainder when 5355 is divided by 233.
229
What is the remainder when 31 is divided by 21?
10
What is the remainder when 856 is divided by 379?
98
What is the remainder when 400 is divided by 101?
97
Calculate the remainder when 68 is divided by 21.
5
What is the remainder when 346 is divided by 9?
4
Calculate the remainder when 477 is divided by 28.
1
Calculate the remainder when 285 is divided by 13.
12
What is the remainder when 554 is divided by 113?
102
What is the remainder when 25 is divided by 11?
3
Calculate the remainder when 2848 is divided by 136.
128
Calculate the remainder when 349 is divided by 21.
13
What is the remainder when 166 is divided by 20?
6
Calculate the remainder when 1422 is divided by 110.
102
What is the remainder when 39 is divided by 24?
15
What is the remainder when 1120 is divided by 46?
16
Calculate the remainder when 22 is divided by 14.
8
What is the remainder when 368 is divided by 185?
183
Calculate the remainder when 696 is divided by 175.
171
What is the remainder when 1465 is divided by 713?
39
What is the remainder when 300 is divided by 94?
18
Calculate the remainder when 837 is divided by 84.
81
Calculate the remainder when 1171 is divided by 35.
16
What is the remainder when 462 is divided by 113?
10
What is the remainder when 645 is divided by 29?
7
What is the remainder when 1898 is divided by 83?
72
Calculate the remainder when 260 is divided by 78.
26
Calculate the remainder when 112 is divided by 20.
12
Calculate the remainder when 1741 is divided by 17.
7
What is the remainder when 50 is divided by 13?
11
What is the remainder when 142 is divided by 28?
2
Calculate the remainder when 388 is divided by 382.
6
Calculate the remainder when 1301 is divided by 82.
71
What is the remainder when 144 is divided by 15?
9
What is the remainder when 424 is divided by 51?
16
Calculate the remainder when 7271 is divided by 15.
11
Calculate the remainder when 607 is divided by 176.
79
What is the remainder when 53 is divided by 7?
4
Calculate the remainder when 112 is divided by 27.
4
Calculate the remainder when 283 is divided by 18.
13
What is the remainder when 136 is divided by 41?
13
What is the remainder when 3214 is divided by 190?
174
Calculate the remainder when 8670 is divided by 241.
235
Calculate the remainder when 2630 is divided by 188.
186
What is the remainder when 6707 is divided by 26?
25
Calculate the remainder when 62 is divided by 9.
8
What is the remainder when 471 is divided by 452?
19
Calculate the remainder when 12401 is divided by 1240.
1
Calculate the remainder when 145 is divided by 74.
71
Calculate the remainder when 249 is divided by 36.
33
What is the remainder when 234 is divided by 40?
34
What is the remainder when 214 is div